{"id":651,"date":"2025-01-03T12:12:46","date_gmt":"2025-01-03T12:12:46","guid":{"rendered":"https:\/\/fundacioncrecer.net\/catalogo\/?post_type=product&#038;p=651"},"modified":"2026-04-07T12:47:23","modified_gmt":"2026-04-07T12:47:23","slug":"pack-1o-basico-guias-del-estudiante-3-tomos","status":"publish","type":"product","link":"https:\/\/fundacioncrecer.net\/catalogo\/producto\/pack-1o-basico-guias-del-estudiante-3-tomos\/","title":{"rendered":"PACK 1 BASICO GUIAS DEL ESTUDIANTE\u00a0"},"content":{"rendered":"<div>Gu\u00edas del estudiante 1\u00ba b\u00e1sico 3 tomos<\/div>\n<div>Libro did\u00e1ctico para los\/as estudiantes de primero b\u00e1sico. En \u00e9l encontrar\u00e1n diferentes actividades did\u00e1cticas y enriquecedoras, que se centran en el desarrollo, pr\u00e1ctica y consolidaci\u00f3n de los 3 ejes de la asignatura de lenguaje y comunicaci\u00f3n para este nivel: comunicaci\u00f3n oral, lectura y escritura. Se organiza en 7 unidades tem\u00e1ticas cuyo eje principal es la adquisici\u00f3n del conocimiento de las letras para poder leer y escribir.<\/div>\n<div>Ficha t\u00e9cnica<\/div>\n<div>\u2022 Son 3 tomos\u00a0anillados, tapa blanda y tama\u00f1o carta.<br \/>\n\u2022 P\u00e1ginas a todo color.<\/div>\n","protected":false},"excerpt":{"rendered":"<p>Gu\u00edas del estudiante 1\u00ba b\u00e1sico 3 tomos Libro did\u00e1ctico para los\/as estudiantes de primero b\u00e1sico. En \u00e9l encontrar\u00e1n diferentes actividades did\u00e1cticas y enriquecedoras, que se centran en el desarrollo, pr\u00e1ctica y consolidaci\u00f3n de los 3 ejes de la asignatura de lenguaje y comunicaci\u00f3n para este nivel: comunicaci\u00f3n oral, lectura y escritura. Se organiza en 7 [&hellip;]<\/p>\n","protected":false},"featured_media":1098,"comment_status":"open","ping_status":"closed","template":"","meta":[],"product_brand":[],"product_cat":[41],"product_tag":[],"class_list":{"0":"post-651","1":"product","2":"type-product","3":"status-publish","4":"has-post-thumbnail","6":"product_cat-guia","8":"first","9":"instock","10":"shipping-taxable","11":"purchasable","12":"product-type-simple"},"yoast_head":"<!-- This site is optimized with the Yoast SEO plugin v26.9 - https:\/\/yoast.com\/product\/yoast-seo-wordpress\/ -->\n<title>PACK 1 BASICO GUIAS DEL ESTUDIANTE\u00a0 - Cat\u00e1logo Fundaci\u00f3n Crecer con Todos<\/title>\n<meta name=\"description\" content=\"El Programa de 1\u00b0 b\u00e1sico se organiza en 7 unidades tem\u00e1ticas a lo largo del a\u00f1o acad\u00e9mico, para que los ni\u00f1os y ni\u00f1as logren los Objetivos de Aprendizaje propuesto por las Bases Curriculares para la asignatura de Lenguaje y Comunicaci\u00f3n.\" \/>\n<meta name=\"robots\" content=\"index, follow, max-snippet:-1, max-image-preview:large, max-video-preview:-1\" \/>\n<link rel=\"canonical\" href=\"https:\/\/fundacioncrecer.net\/catalogo\/producto\/pack-1o-basico-guias-del-estudiante-3-tomos\/\" \/>\n<meta property=\"og:locale\" content=\"es_ES\" \/>\n<meta property=\"og:type\" content=\"article\" \/>\n<meta property=\"og:title\" content=\"PACK 1 BASICO GUIAS DEL ESTUDIANTE\u00a0 - Cat\u00e1logo Fundaci\u00f3n Crecer con Todos\" \/>\n<meta property=\"og:description\" content=\"El Programa de 1\u00b0 b\u00e1sico se organiza en 7 unidades tem\u00e1ticas a lo largo del a\u00f1o acad\u00e9mico, para que los ni\u00f1os y ni\u00f1as logren los Objetivos de Aprendizaje propuesto por las Bases Curriculares para la asignatura de Lenguaje y Comunicaci\u00f3n.\" \/>\n<meta property=\"og:url\" content=\"https:\/\/fundacioncrecer.net\/catalogo\/producto\/pack-1o-basico-guias-del-estudiante-3-tomos\/\" \/>\n<meta property=\"og:site_name\" content=\"Cat\u00e1logo Fundaci\u00f3n Crecer con Todos\" \/>\n<meta property=\"article:modified_time\" content=\"2026-04-07T12:47:23+00:00\" \/>\n<meta property=\"og:image\" content=\"https:\/\/fundacioncrecer.net\/catalogo\/wp-content\/uploads\/2025\/01\/PACK-1B-GE-PACK-1o-BASICO-8.png\" \/>\n\t<meta property=\"og:image:width\" content=\"1515\" \/>\n\t<meta property=\"og:image:height\" content=\"1177\" \/>\n\t<meta property=\"og:image:type\" content=\"image\/png\" \/>\n<meta name=\"twitter:card\" content=\"summary_large_image\" \/>\n<meta name=\"twitter:label1\" content=\"Tiempo de lectura\" \/>\n\t<meta name=\"twitter:data1\" content=\"1 minuto\" \/>\n<script type=\"application\/ld+json\" class=\"yoast-schema-graph\">{\"@context\":\"https:\/\/schema.org\",\"@graph\":[{\"@type\":\"WebPage\",\"@id\":\"https:\/\/fundacioncrecer.net\/catalogo\/producto\/pack-1o-basico-guias-del-estudiante-3-tomos\/\",\"url\":\"https:\/\/fundacioncrecer.net\/catalogo\/producto\/pack-1o-basico-guias-del-estudiante-3-tomos\/\",\"name\":\"PACK 1 BASICO GUIAS DEL ESTUDIANTE\u00a0 - Cat\u00e1logo Fundaci\u00f3n Crecer con Todos\",\"isPartOf\":{\"@id\":\"https:\/\/fundacioncrecer.net\/catalogo\/#website\"},\"primaryImageOfPage\":{\"@id\":\"https:\/\/fundacioncrecer.net\/catalogo\/producto\/pack-1o-basico-guias-del-estudiante-3-tomos\/#primaryimage\"},\"image\":{\"@id\":\"https:\/\/fundacioncrecer.net\/catalogo\/producto\/pack-1o-basico-guias-del-estudiante-3-tomos\/#primaryimage\"},\"thumbnailUrl\":\"https:\/\/fundacioncrecer.net\/catalogo\/wp-content\/uploads\/2025\/01\/PACK-1B-GE-PACK-1o-BASICO-8.png\",\"datePublished\":\"2025-01-03T12:12:46+00:00\",\"dateModified\":\"2026-04-07T12:47:23+00:00\",\"description\":\"El Programa de 1\u00b0 b\u00e1sico se organiza en 7 unidades tem\u00e1ticas a lo largo del a\u00f1o acad\u00e9mico, para que los ni\u00f1os y ni\u00f1as logren los Objetivos de Aprendizaje propuesto por las Bases Curriculares para la asignatura de Lenguaje y Comunicaci\u00f3n.\",\"breadcrumb\":{\"@id\":\"https:\/\/fundacioncrecer.net\/catalogo\/producto\/pack-1o-basico-guias-del-estudiante-3-tomos\/#breadcrumb\"},\"inLanguage\":\"es\",\"potentialAction\":[{\"@type\":\"ReadAction\",\"target\":[\"https:\/\/fundacioncrecer.net\/catalogo\/producto\/pack-1o-basico-guias-del-estudiante-3-tomos\/\"]}]},{\"@type\":\"ImageObject\",\"inLanguage\":\"es\",\"@id\":\"https:\/\/fundacioncrecer.net\/catalogo\/producto\/pack-1o-basico-guias-del-estudiante-3-tomos\/#primaryimage\",\"url\":\"https:\/\/fundacioncrecer.net\/catalogo\/wp-content\/uploads\/2025\/01\/PACK-1B-GE-PACK-1o-BASICO-8.png\",\"contentUrl\":\"https:\/\/fundacioncrecer.net\/catalogo\/wp-content\/uploads\/2025\/01\/PACK-1B-GE-PACK-1o-BASICO-8.png\",\"width\":1515,\"height\":1177},{\"@type\":\"BreadcrumbList\",\"@id\":\"https:\/\/fundacioncrecer.net\/catalogo\/producto\/pack-1o-basico-guias-del-estudiante-3-tomos\/#breadcrumb\",\"itemListElement\":[{\"@type\":\"ListItem\",\"position\":1,\"name\":\"Portada\",\"item\":\"https:\/\/fundacioncrecer.net\/catalogo\/\"},{\"@type\":\"ListItem\",\"position\":2,\"name\":\"Tienda\",\"item\":\"https:\/\/fundacioncrecer.net\/catalogo\/\"},{\"@type\":\"ListItem\",\"position\":3,\"name\":\"PACK 1 BASICO GUIAS DEL ESTUDIANTE\u00a0\"}]},{\"@type\":\"WebSite\",\"@id\":\"https:\/\/fundacioncrecer.net\/catalogo\/#website\",\"url\":\"https:\/\/fundacioncrecer.net\/catalogo\/\",\"name\":\"Cat\u00e1logo Fundaci\u00f3n Crecer con Todos\",\"description\":\"Cat\u00e1logo Fundaci\u00f3n Crecer con Todos\",\"publisher\":{\"@id\":\"https:\/\/fundacioncrecer.net\/catalogo\/#organization\"},\"potentialAction\":[{\"@type\":\"SearchAction\",\"target\":{\"@type\":\"EntryPoint\",\"urlTemplate\":\"https:\/\/fundacioncrecer.net\/catalogo\/?s={search_term_string}\"},\"query-input\":{\"@type\":\"PropertyValueSpecification\",\"valueRequired\":true,\"valueName\":\"search_term_string\"}}],\"inLanguage\":\"es\"},{\"@type\":\"Organization\",\"@id\":\"https:\/\/fundacioncrecer.net\/catalogo\/#organization\",\"name\":\"Cat\u00e1logo Fundaci\u00f3n Crecer con Todos\",\"url\":\"https:\/\/fundacioncrecer.net\/catalogo\/\",\"logo\":{\"@type\":\"ImageObject\",\"inLanguage\":\"es\",\"@id\":\"https:\/\/fundacioncrecer.net\/catalogo\/#\/schema\/logo\/image\/\",\"url\":\"https:\/\/fundacioncrecer.net\/catalogo\/wp-content\/uploads\/2022\/03\/cropped-logo.CCT_.primero.lee_-e1642468348196.png\",\"contentUrl\":\"https:\/\/fundacioncrecer.net\/catalogo\/wp-content\/uploads\/2022\/03\/cropped-logo.CCT_.primero.lee_-e1642468348196.png\",\"width\":500,\"height\":243,\"caption\":\"Cat\u00e1logo Fundaci\u00f3n Crecer con Todos\"},\"image\":{\"@id\":\"https:\/\/fundacioncrecer.net\/catalogo\/#\/schema\/logo\/image\/\"}}]}<\/script>\n<!-- \/ Yoast SEO plugin. -->","yoast_head_json":{"title":"PACK 1 BASICO GUIAS DEL ESTUDIANTE\u00a0 - Cat\u00e1logo Fundaci\u00f3n Crecer con Todos","description":"El Programa de 1\u00b0 b\u00e1sico se organiza en 7 unidades tem\u00e1ticas a lo largo del a\u00f1o acad\u00e9mico, para que los ni\u00f1os y ni\u00f1as logren los Objetivos de Aprendizaje propuesto por las Bases Curriculares para la asignatura de Lenguaje y Comunicaci\u00f3n.","robots":{"index":"index","follow":"follow","max-snippet":"max-snippet:-1","max-image-preview":"max-image-preview:large","max-video-preview":"max-video-preview:-1"},"canonical":"https:\/\/fundacioncrecer.net\/catalogo\/producto\/pack-1o-basico-guias-del-estudiante-3-tomos\/","og_locale":"es_ES","og_type":"article","og_title":"PACK 1 BASICO GUIAS DEL ESTUDIANTE\u00a0 - Cat\u00e1logo Fundaci\u00f3n Crecer con Todos","og_description":"El Programa de 1\u00b0 b\u00e1sico se organiza en 7 unidades tem\u00e1ticas a lo largo del a\u00f1o acad\u00e9mico, para que los ni\u00f1os y ni\u00f1as logren los Objetivos de Aprendizaje propuesto por las Bases Curriculares para la asignatura de Lenguaje y Comunicaci\u00f3n.","og_url":"https:\/\/fundacioncrecer.net\/catalogo\/producto\/pack-1o-basico-guias-del-estudiante-3-tomos\/","og_site_name":"Cat\u00e1logo Fundaci\u00f3n Crecer con Todos","article_modified_time":"2026-04-07T12:47:23+00:00","og_image":[{"width":1515,"height":1177,"url":"https:\/\/fundacioncrecer.net\/catalogo\/wp-content\/uploads\/2025\/01\/PACK-1B-GE-PACK-1o-BASICO-8.png","type":"image\/png"}],"twitter_card":"summary_large_image","twitter_misc":{"Tiempo de lectura":"1 minuto"},"schema":{"@context":"https:\/\/schema.org","@graph":[{"@type":"WebPage","@id":"https:\/\/fundacioncrecer.net\/catalogo\/producto\/pack-1o-basico-guias-del-estudiante-3-tomos\/","url":"https:\/\/fundacioncrecer.net\/catalogo\/producto\/pack-1o-basico-guias-del-estudiante-3-tomos\/","name":"PACK 1 BASICO GUIAS DEL ESTUDIANTE\u00a0 - Cat\u00e1logo Fundaci\u00f3n Crecer con Todos","isPartOf":{"@id":"https:\/\/fundacioncrecer.net\/catalogo\/#website"},"primaryImageOfPage":{"@id":"https:\/\/fundacioncrecer.net\/catalogo\/producto\/pack-1o-basico-guias-del-estudiante-3-tomos\/#primaryimage"},"image":{"@id":"https:\/\/fundacioncrecer.net\/catalogo\/producto\/pack-1o-basico-guias-del-estudiante-3-tomos\/#primaryimage"},"thumbnailUrl":"https:\/\/fundacioncrecer.net\/catalogo\/wp-content\/uploads\/2025\/01\/PACK-1B-GE-PACK-1o-BASICO-8.png","datePublished":"2025-01-03T12:12:46+00:00","dateModified":"2026-04-07T12:47:23+00:00","description":"El Programa de 1\u00b0 b\u00e1sico se organiza en 7 unidades tem\u00e1ticas a lo largo del a\u00f1o acad\u00e9mico, para que los ni\u00f1os y ni\u00f1as logren los Objetivos de Aprendizaje propuesto por las Bases Curriculares para la asignatura de Lenguaje y Comunicaci\u00f3n.","breadcrumb":{"@id":"https:\/\/fundacioncrecer.net\/catalogo\/producto\/pack-1o-basico-guias-del-estudiante-3-tomos\/#breadcrumb"},"inLanguage":"es","potentialAction":[{"@type":"ReadAction","target":["https:\/\/fundacioncrecer.net\/catalogo\/producto\/pack-1o-basico-guias-del-estudiante-3-tomos\/"]}]},{"@type":"ImageObject","inLanguage":"es","@id":"https:\/\/fundacioncrecer.net\/catalogo\/producto\/pack-1o-basico-guias-del-estudiante-3-tomos\/#primaryimage","url":"https:\/\/fundacioncrecer.net\/catalogo\/wp-content\/uploads\/2025\/01\/PACK-1B-GE-PACK-1o-BASICO-8.png","contentUrl":"https:\/\/fundacioncrecer.net\/catalogo\/wp-content\/uploads\/2025\/01\/PACK-1B-GE-PACK-1o-BASICO-8.png","width":1515,"height":1177},{"@type":"BreadcrumbList","@id":"https:\/\/fundacioncrecer.net\/catalogo\/producto\/pack-1o-basico-guias-del-estudiante-3-tomos\/#breadcrumb","itemListElement":[{"@type":"ListItem","position":1,"name":"Portada","item":"https:\/\/fundacioncrecer.net\/catalogo\/"},{"@type":"ListItem","position":2,"name":"Tienda","item":"https:\/\/fundacioncrecer.net\/catalogo\/"},{"@type":"ListItem","position":3,"name":"PACK 1 BASICO GUIAS DEL ESTUDIANTE\u00a0"}]},{"@type":"WebSite","@id":"https:\/\/fundacioncrecer.net\/catalogo\/#website","url":"https:\/\/fundacioncrecer.net\/catalogo\/","name":"Cat\u00e1logo Fundaci\u00f3n Crecer con Todos","description":"Cat\u00e1logo Fundaci\u00f3n Crecer con Todos","publisher":{"@id":"https:\/\/fundacioncrecer.net\/catalogo\/#organization"},"potentialAction":[{"@type":"SearchAction","target":{"@type":"EntryPoint","urlTemplate":"https:\/\/fundacioncrecer.net\/catalogo\/?s={search_term_string}"},"query-input":{"@type":"PropertyValueSpecification","valueRequired":true,"valueName":"search_term_string"}}],"inLanguage":"es"},{"@type":"Organization","@id":"https:\/\/fundacioncrecer.net\/catalogo\/#organization","name":"Cat\u00e1logo Fundaci\u00f3n Crecer con Todos","url":"https:\/\/fundacioncrecer.net\/catalogo\/","logo":{"@type":"ImageObject","inLanguage":"es","@id":"https:\/\/fundacioncrecer.net\/catalogo\/#\/schema\/logo\/image\/","url":"https:\/\/fundacioncrecer.net\/catalogo\/wp-content\/uploads\/2022\/03\/cropped-logo.CCT_.primero.lee_-e1642468348196.png","contentUrl":"https:\/\/fundacioncrecer.net\/catalogo\/wp-content\/uploads\/2022\/03\/cropped-logo.CCT_.primero.lee_-e1642468348196.png","width":500,"height":243,"caption":"Cat\u00e1logo Fundaci\u00f3n Crecer con Todos"},"image":{"@id":"https:\/\/fundacioncrecer.net\/catalogo\/#\/schema\/logo\/image\/"}}]}},"_links":{"self":[{"href":"https:\/\/fundacioncrecer.net\/catalogo\/wp-json\/wp\/v2\/product\/651","targetHints":{"allow":["GET"]}}],"collection":[{"href":"https:\/\/fundacioncrecer.net\/catalogo\/wp-json\/wp\/v2\/product"}],"about":[{"href":"https:\/\/fundacioncrecer.net\/catalogo\/wp-json\/wp\/v2\/types\/product"}],"replies":[{"embeddable":true,"href":"https:\/\/fundacioncrecer.net\/catalogo\/wp-json\/wp\/v2\/comments?post=651"}],"wp:featuredmedia":[{"embeddable":true,"href":"https:\/\/fundacioncrecer.net\/catalogo\/wp-json\/wp\/v2\/media\/1098"}],"wp:attachment":[{"href":"https:\/\/fundacioncrecer.net\/catalogo\/wp-json\/wp\/v2\/media?parent=651"}],"wp:term":[{"taxonomy":"product_brand","embeddable":true,"href":"https:\/\/fundacioncrecer.net\/catalogo\/wp-json\/wp\/v2\/product_brand?post=651"},{"taxonomy":"product_cat","embeddable":true,"href":"https:\/\/fundacioncrecer.net\/catalogo\/wp-json\/wp\/v2\/product_cat?post=651"},{"taxonomy":"product_tag","embeddable":true,"href":"https:\/\/fundacioncrecer.net\/catalogo\/wp-json\/wp\/v2\/product_tag?post=651"}],"curies":[{"name":"wp","href":"https:\/\/api.w.org\/{rel}","templated":true}]}}